{"id":66,"date":"2023-08-02T07:11:50","date_gmt":"2023-08-02T13:11:50","guid":{"rendered":"https:\/\/csalesianosgdl.mx\/web\/garibaldi\/home\/"},"modified":"2026-08-31T11:35:53","modified_gmt":"2026-08-31T17:35:53","slug":"home","status":"publish","type":"page","link":"https:\/\/csalesianosgdl.mx\/web\/garibaldi\/","title":{"rendered":"Home"},"content":{"rendered":"\n\n\n<h1>Bienvenidos a la casa salesiana de Don Bosco<\/h1>\n<h1><br><\/h1>\n<h1><br><\/h1>\n\n\n\n\n\n\n\n\n\n\n\n<h2>Mensaje del Director General<\/h2>\n<p class=\"MsoNormal\" style=\"margin: 0cm; font-size: medium; font-family: Calibri, sans-serif; caret-color: rgb(0, 0, 0); color: rgb(0, 0, 0);\"><b><span style=\"font-size: 11pt;\">La Caridad es paciente, la caridad es benigna.<\/span><\/b><span style=\"font-size: 11pt;\">&nbsp;\u201cConsagrados\u201d al bien integral de los j\u00f3venes<o:p><\/o:p><\/span><\/p><p class=\"MsoNormal\" style=\"margin: 0cm; font-size: medium; font-family: Calibri, sans-serif; caret-color: rgb(0, 0, 0); color: rgb(0, 0, 0);\"><span style=\"font-size: 11pt;\">&nbsp;<o:p><\/o:p><\/span><\/p><p class=\"MsoNormal\" style=\"margin: 0cm; font-size: medium; font-family: Calibri, sans-serif; caret-color: rgb(0, 0, 0); color: rgb(0, 0, 0);\"><span style=\"font-size: 11pt;\">Querida comunidad de nuestros Colegios Salesianos de Guadalajara, reciban un cordial saludo de su servidor, P. Mario Alberto Escalante L\u00f3pez, asumiendo el servicio de Direcci\u00f3n y animaci\u00f3n general de nuestras Instituciones.<o:p><\/o:p><\/span><\/p><p class=\"MsoNormal\" style=\"margin: 0cm; font-size: medium; font-family: Calibri, sans-serif; caret-color: rgb(0, 0, 0); color: rgb(0, 0, 0);\"><span style=\"font-size: 11pt;\">Estoy agradecido con Dios y con cada uno de ustedes por el trabajo realizado por el bien de cada uno de nuestros alumnos. Gracias por todos sus esfuerzos.<o:p><\/o:p><\/span><\/p><p class=\"MsoNormal\" style=\"margin: 0cm; font-size: medium; font-family: Calibri, sans-serif; caret-color: rgb(0, 0, 0); color: rgb(0, 0, 0);\"><span style=\"font-size: 11pt;\">El ciclo escolar 2026-2027 abre para cada uno de nosotros retos nuevos, desaf\u00edos nuevos, ilusiones nuevas; que nos llevan en este a\u00f1o a seguir comprometi\u00e9ndonos en lo que nos corresponde sumar a este proyecto, como nos anima el Rector Mayor en su aguinaldo de este a\u00f1o: ser \u201cConsagrados\u201d; es decir, entregar nuestros esfuerzos diarios por el bien integral de nuestros alumnos, hijos y compa\u00f1eros.<o:p><\/o:p><\/span><\/p><p class=\"MsoNormal\" style=\"margin: 0cm; font-size: medium; font-family: Calibri, sans-serif; caret-color: rgb(0, 0, 0); color: rgb(0, 0, 0);\"><span style=\"font-size: 11pt;\">Somos herederos de un sistema educativo, inspirado por nuestro Padre Don Bosco, que nos invita a vivir con caridad y paciencia nuestra presencia con nuestros alumnos.<o:p><\/o:p><\/span><\/p><p class=\"MsoNormal\" style=\"margin: 0cm; font-size: medium; font-family: Calibri, sans-serif; caret-color: rgb(0, 0, 0); color: rgb(0, 0, 0);\"><span style=\"font-size: 11pt;\">Que la figura del Cristo Buen Pastor guie y sostenga todos nuestros esfuerzos. Encomendamos la intervenci\u00f3n de la Auxiliadora de los Cristianos en todos nuestros esfuerzos diarios y que Don Bosco nos siga inspirando a hacer el bien a cada uno de nuestros alumnos.<o:p><\/o:p><\/span><\/p><p class=\"MsoNormal\" style=\"margin: 0cm; font-size: medium; font-family: Calibri, sans-serif; caret-color: rgb(0, 0, 0); color: rgb(0, 0, 0);\"><span style=\"font-size: 11pt;\">Deseo a toda la Comunidad Educativa, mucho \u00e9xito, salud y alegr\u00eda para cada d\u00eda de este a\u00f1o.<o:p><\/o:p><\/span><\/p><p class=\"MsoNormal\" style=\"margin: 0cm; font-size: medium; font-family: Calibri, sans-serif; caret-color: rgb(0, 0, 0); color: rgb(0, 0, 0);\"><span style=\"font-size: 11pt;\">&nbsp;<o:p><\/o:p><\/span><\/p><p class=\"MsoNormal\" style=\"margin: 0cm; font-size: medium; font-family: Calibri, sans-serif; caret-color: rgb(0, 0, 0); color: rgb(0, 0, 0);\"><span style=\"font-size: 11pt;\">Cordialmente<o:p><\/o:p><\/span><\/p><p class=\"MsoNormal\" style=\"margin: 0cm; font-size: medium; font-family: Calibri, sans-serif; caret-color: rgb(0, 0, 0); color: rgb(0, 0, 0);\"><b><span style=\"font-size: 11pt;\">P. Mario Alberto Escalante L\u00f3pez sdb<o:p><\/o:p><\/span><\/b><\/p><p class=\"MsoNormal\" style=\"margin: 0cm; font-size: medium; font-family: Calibri, sans-serif; caret-color: rgb(0, 0, 0); color: rgb(0, 0, 0);\"><span style=\"font-size: 11pt;\">Director General Colegios Salesianos de Guadalajara<o:p><\/o:p><\/span><\/p>\n\n\n\n\n\n\n\n<h2>Mensaje de la Directora<\/h2>\n<p class=\"MsoNormal\" style=\"margin: 0cm; font-size: medium; font-family: Calibri, sans-serif; caret-color: rgb(0, 0, 0); color: rgb(0, 0, 0);\"><span style=\"font-size: 11pt;\">Agradecida con Dios por la oportunidad de servir a trav\u00e9s de la funci\u00f3n de Direcci\u00f3n, les saludo con gusto al inicio de este ciclo escolar 2026-2027.<o:p><\/o:p><\/span><\/p><p class=\"MsoNormal\" style=\"margin: 0cm; font-size: medium; font-family: Calibri, sans-serif; caret-color: rgb(0, 0, 0); color: rgb(0, 0, 0);\"><span style=\"font-size: 11pt;\">Con el deseo que sus hijos e hijas tengan la experiencia educativa que concibi\u00f3 San Juan Bosco y que el d\u00eda de hoy sigue viva, actual y significativa para muchos j\u00f3venes en el mundo a trav\u00e9s del Modelo Educativo que nos dej\u00f3 como herencia.<o:p><\/o:p><\/span><\/p><p class=\"MsoNormal\" style=\"margin: 0cm; font-size: medium; font-family: Calibri, sans-serif; caret-color: rgb(0, 0, 0); color: rgb(0, 0, 0);\"><span style=\"font-size: 11pt;\">Sean bienvenidos a este nuevo ciclo en donde, desde la caridad pastoral, fomentaremos nuevos procesos y caminos para ayudar a nuestros NNAJ a descubrir en qui\u00e9n pueden convertirse, mediante la pedagog\u00eda del encuentro.<o:p><\/o:p><\/span><\/p><p class=\"MsoNormal\" style=\"margin: 0cm; font-size: medium; font-family: Calibri, sans-serif; caret-color: rgb(0, 0, 0); color: rgb(0, 0, 0);\"><span style=\"font-size: 11pt;\">Esto solo es posible con una red de apoyo de adultos aut\u00e9nticos y una instituci\u00f3n en la que se puede confiar, como lo es el An\u00e1huac Garibaldi.<o:p><\/o:p><\/span><\/p><p class=\"MsoNormal\" style=\"margin: 0cm; font-size: medium; font-family: Calibri, sans-serif; caret-color: rgb(0, 0, 0); color: rgb(0, 0, 0);\"><span style=\"font-size: 11pt;\"><o:p>&nbsp;<\/o:p><\/span><\/p><p class=\"MsoNormal\" style=\"margin: 0cm; font-size: medium; font-family: Calibri, sans-serif; caret-color: rgb(0, 0, 0); color: rgb(0, 0, 0);\"><span style=\"font-size: 11pt;\">Afectuosamente,&nbsp;<o:p><\/o:p><\/span><\/p><p class=\"MsoNormal\" style=\"margin: 0cm; font-size: medium; font-family: Calibri, sans-serif; caret-color: rgb(0, 0, 0); color: rgb(0, 0, 0);\"><b><span style=\"font-size: 11pt;\">Rosa Mar\u00eda Quiroz Parra<o:p><\/o:p><\/span><\/b><\/p><p class=\"MsoNormal\" style=\"margin: 0cm; font-size: medium; font-family: Calibri, sans-serif; caret-color: rgb(0, 0, 0); color: rgb(0, 0, 0);\"><span style=\"font-size: 11pt;\">Directora<o:p><\/o:p><\/span><\/p>\n\n\n\n\n<h2>Inscr\u00edbete<\/h2>\n\n\n\n\n\n\n\n<p>B<span style=\"caret-color: rgb(100, 106, 124); color: rgb(100, 106, 124); font-family: Lato, sans-serif;\">rindamos espacios creativos de aprendizaje, en los que nuestros alumnos desarrollen habilidades, adquieran conocimientos s\u00f3lidos, h\u00e1bitos de trabajo individual y en equipo, consoliden y aprecien los valores formativos y normas de convivencia.<\/span><br><\/p>\n\n\n\n\n\n\n\n\n\n\n\n\n<p><span style=\"caret-color: rgb(100, 106, 124); color: rgb(100, 106, 124); font-family: Lato, sans-serif;\">Acompa\u00f1amos los procesos de fortalecimiento de la identidad, sexualidad y valores propios de la adolescencia, por medio de una cercan\u00eda confiable que ayude a generar amistad y un sentido de la vivencia espiritual.<\/span><br><\/p>\n\n\n\n\n\n\n\n\n\n\n\n\n\n\n<p><span style=\"caret-color: rgb(100, 106, 124); color: rgb(100, 106, 124); font-family: Lato, sans-serif;\">Buscamos que los alumnos desarrollen las competencias que les permitan integrarse a la vida universitaria y de su comunidad como agentes de transformaci\u00f3n.<\/span><br><\/p>\n\n\n\n\n\n\n\n\n\n\n\n<h2>Oferta Acad\u00e9mica<\/h2>\n<p>El alumno formado bajo el Modelo Educativo Salesiano se reconoce part\u00edcipe de una espiritualidad nacida con y para los j\u00f3venes, y se caracteriza porque al ser formado en nuestra instituci\u00f3n ser\u00e1 una persona:&nbsp;<br><\/p>\n\nEspiritual\nAut\u00f3noma\nResponsable\nCreativa\nColaborativa\nComunicativa\nResiliente\nCr\u00edtica\nEmprendedora\n\u00cdntegra\nLibre\n\n\n\n\n\n<p>Reafirmar los h\u00e1bitos y abrirse al conocimiento<\/p>\n<p>Dar solidez a los aprendizajes y ofrecer elementos para la universidad.<br><\/p>\n\n\n<p>Solidez en la diversidad de materias, que invitan a la exploraci\u00f3n.&nbsp;<br><\/p>\n\n\n\n\n\n\n\n<p>Educaci\u00f3n Integral<\/p>\n\n<p>Acompa\u00f1amos el crecimiento integral de nuestros alumnos<\/p>\n\n\n<p>Conoce el trabajo del Departamento Psicopedag\u00f3gico<\/p>\n<p>Implementaci\u00f3n del Programa de Ingl\u00e9s en nuestro colegio<\/p>\n<p>Oferta de actividades extraescolares<\/p>\n<p>Un movimiento de j\u00f3venes para j\u00f3venes, que participan en diversas asociaciones<\/p>\n\n\n\n\n\n\n\n\n\n\n<h3>Plataforma<\/h3>\n<p>Esemtia es nuestra plataforma online que concentra la gesti\u00f3n de las diferentes \u00e1reas administrativas y acad\u00e9micas de nuestra instituci\u00f3n. Nos ofrece un entorno virtual para el seguimiento acad\u00e9mico y disciplinario, as\u00ed como para el acompa\u00f1amiento de alumnos y profesores.&nbsp;<br><\/p>\n\n\n\n\n\n<h2>Servicios<\/h2>\n\n\n\n<p>Lineamientos del Seguro Escolar para su aplicaci\u00f3n y los pasos que habr\u00e1 que seguir.&nbsp;<br><\/p>\n\n\n<p>Conoce las actividades que se realizar\u00e1n durante el mes visitando el calendario.&nbsp;<br><\/p>\n\n\n<p>Ubicaci\u00f3n del colegio y los campos deportivos<br><\/p>\n\n\n<p>Procedimiento para el pago de las colegiaturas y la manera para solicitar la facturaci\u00f3n.&nbsp;<br><\/p>\n\n\n<p>L\u00edneas b\u00e1sicas para crecer en la cultura vial y participar en la patrulla escolar.&nbsp;<br><\/p>\n\n\n<p>Esemtia es nuestra plataforma, de apoyo acad\u00e9mico, psicopedag\u00f3gico y administrativo.&nbsp;<br><\/p>\n\n\n\n\n\n\n\n\n\n\n\n<h1>\u00abLa educaci\u00f3n es cosa del coraz\u00f3n\u00bb<\/h1>\nDon Bosco\n\n\n\n\n<h2>Documentos<\/h2>\n<p style=\"text-align: center; \">Descarga los documentos en PDF<\/p>\n\n\n<p><span lang=\"ES\" style=\"text-align: start; font-size: 11pt; font-family: Calibri, sans-serif; color: black;\">El PEPSAL 2025-2031 establece los objetivos de cada una de las dimensiones (educaci\u00f3n en la fe, educativo cultural, experiencia asociativa y vocacional), sus estrategias e intervenciones.<\/span><span style=\"caret-color: rgb(0, 0, 0); color: rgb(0, 0, 0); font-family: -webkit-standard; font-size: medium; text-align: start;\"><\/span><br><\/p>\n<p><span lang=\"ES\" style=\"text-align: start; font-size: 11pt; font-family: Calibri, sans-serif; color: black;\">La Red de Escuelas Salesianas de M\u00e9xico presenta el Modelo Educativo Salesiano, con la inspiraci\u00f3n carism\u00e1tica de San Juan Bosco.<\/span><\/p>\n\n\n<p><span lang=\"ES\" style=\"text-align: start; font-size: 11pt; font-family: Calibri, sans-serif; color: black;\">El reglamento tiene como finalidad construir el bien com\u00fan, a trav\u00e9s de valores, principios y normas que nos ayuden a cuidar el ambiente de familia.<\/span><span style=\"caret-color: rgb(0, 0, 0); color: rgb(0, 0, 0); font-family: -webkit-standard; font-size: medium; text-align: start;\"><\/span><br><\/p>\n<p><span lang=\"ES\" style=\"text-align: start; font-size: 11pt; font-family: Calibri, sans-serif; color: black;\">La Comisi\u00f3n Inspectorial de Colegios presenta las normas que regulan el funcionamiento y garantiza la participaci\u00f3n de la CEP.<\/span><br><\/p>\n\n\n<p style=\"text-align: center;\"><span lang=\"ES\" style=\"text-align: start; font-size: 11pt; font-family: Calibri, sans-serif; color: black;\">T\u00e9rminos y condiciones del manejo de los datos personales, que se dan a conocer a trav\u00e9s del Aviso de Privacidad.<\/span><\/p>\n<p><span lang=\"ES\" style=\"text-align: start; font-size: 11pt; font-family: Calibri, sans-serif; color: black;\">El documento contiene los derechos y obligaciones de los educandos, padres de familia y del personal educativo.<\/span><br><\/p>\n\n\n\n\n","protected":false},"excerpt":{"rendered":"","protected":false},"author":1,"featured_media":0,"parent":0,"menu_order":0,"comment_status":"closed","ping_status":"closed","template":"","meta":{"pagelayer_contact_templates":[],"_pagelayer_content":"","footnotes":""},"class_list":["post-66","page","type-page","status-publish","hentry"],"_links":{"self":[{"href":"https:\/\/csalesianosgdl.mx\/web\/garibaldi\/wp-json\/wp\/v2\/pages\/66","targetHints":{"allow":["GET"]}}],"collection":[{"href":"https:\/\/csalesianosgdl.mx\/web\/garibaldi\/wp-json\/wp\/v2\/pages"}],"about":[{"href":"https:\/\/csalesianosgdl.mx\/web\/garibaldi\/wp-json\/wp\/v2\/types\/page"}],"author":[{"embeddable":true,"href":"https:\/\/csalesianosgdl.mx\/web\/garibaldi\/wp-json\/wp\/v2\/users\/1"}],"replies":[{"embeddable":true,"href":"https:\/\/csalesianosgdl.mx\/web\/garibaldi\/wp-json\/wp\/v2\/comments?post=66"}],"version-history":[{"count":46,"href":"https:\/\/csalesianosgdl.mx\/web\/garibaldi\/wp-json\/wp\/v2\/pages\/66\/revisions"}],"predecessor-version":[{"id":519,"href":"https:\/\/csalesianosgdl.mx\/web\/garibaldi\/wp-json\/wp\/v2\/pages\/66\/revisions\/519"}],"wp:attachment":[{"href":"https:\/\/csalesianosgdl.mx\/web\/garibaldi\/wp-json\/wp\/v2\/media?parent=66"}],"curies":[{"name":"wp","href":"https:\/\/api.w.org\/{rel}","templated":true}]}}

<h1>Bienvenidos a la casa salesiana de Don Bosco</h1>
<h1><br></h1>
<h1><br></h1>











<h2>Mensaje del Director General</h2>
<p class="MsoNormal" style="margin: 0cm; font-size: medium; font-family: Calibri, sans-serif; caret-color: rgb(0, 0, 0); color: rgb(0, 0, 0);"><b><span style="font-size: 11pt;">La Caridad es paciente, la caridad es benigna.</span></b><span style="font-size: 11pt;">&nbsp;“Consagrados” al bien integral de los jóvenes<o:p></o:p></span></p><p class="MsoNormal" style="margin: 0cm; font-size: medium; font-family: Calibri, sans-serif; caret-color: rgb(0, 0, 0); color: rgb(0, 0, 0);"><span style="font-size: 11pt;">&nbsp;<o:p></o:p></span></p><p class="MsoNormal" style="margin: 0cm; font-size: medium; font-family: Calibri, sans-serif; caret-color: rgb(0, 0, 0); color: rgb(0, 0, 0);"><span style="font-size: 11pt;">Querida comunidad de nuestros Colegios Salesianos de Guadalajara, reciban un cordial saludo de su servidor, P. Mario Alberto Escalante López, asumiendo el servicio de Dirección y animación general de nuestras Instituciones.<o:p></o:p></span></p><p class="MsoNormal" style="margin: 0cm; font-size: medium; font-family: Calibri, sans-serif; caret-color: rgb(0, 0, 0); color: rgb(0, 0, 0);"><span style="font-size: 11pt;">Estoy agradecido con Dios y con cada uno de ustedes por el trabajo realizado por el bien de cada uno de nuestros alumnos. Gracias por todos sus esfuerzos.<o:p></o:p></span></p><p class="MsoNormal" style="margin: 0cm; font-size: medium; font-family: Calibri, sans-serif; caret-color: rgb(0, 0, 0); color: rgb(0, 0, 0);"><span style="font-size: 11pt;">El ciclo escolar 2026-2027 abre para cada uno de nosotros retos nuevos, desafíos nuevos, ilusiones nuevas; que nos llevan en este año a seguir comprometiéndonos en lo que nos corresponde sumar a este proyecto, como nos anima el Rector Mayor en su aguinaldo de este año: ser “Consagrados”; es decir, entregar nuestros esfuerzos diarios por el bien integral de nuestros alumnos, hijos y compañeros.<o:p></o:p></span></p><p class="MsoNormal" style="margin: 0cm; font-size: medium; font-family: Calibri, sans-serif; caret-color: rgb(0, 0, 0); color: rgb(0, 0, 0);"><span style="font-size: 11pt;">Somos herederos de un sistema educativo, inspirado por nuestro Padre Don Bosco, que nos invita a vivir con caridad y paciencia nuestra presencia con nuestros alumnos.<o:p></o:p></span></p><p class="MsoNormal" style="margin: 0cm; font-size: medium; font-family: Calibri, sans-serif; caret-color: rgb(0, 0, 0); color: rgb(0, 0, 0);"><span style="font-size: 11pt;">Que la figura del Cristo Buen Pastor guie y sostenga todos nuestros esfuerzos. Encomendamos la intervención de la Auxiliadora de los Cristianos en todos nuestros esfuerzos diarios y que Don Bosco nos siga inspirando a hacer el bien a cada uno de nuestros alumnos.<o:p></o:p></span></p><p class="MsoNormal" style="margin: 0cm; font-size: medium; font-family: Calibri, sans-serif; caret-color: rgb(0, 0, 0); color: rgb(0, 0, 0);"><span style="font-size: 11pt;">Deseo a toda la Comunidad Educativa, mucho éxito, salud y alegría para cada día de este año.<o:p></o:p></span></p><p class="MsoNormal" style="margin: 0cm; font-size: medium; font-family: Calibri, sans-serif; caret-color: rgb(0, 0, 0); color: rgb(0, 0, 0);"><span style="font-size: 11pt;">&nbsp;<o:p></o:p></span></p><p class="MsoNormal" style="margin: 0cm; font-size: medium; font-family: Calibri, sans-serif; caret-color: rgb(0, 0, 0); color: rgb(0, 0, 0);"><span style="font-size: 11pt;">Cordialmente<o:p></o:p></span></p><p class="MsoNormal" style="margin: 0cm; font-size: medium; font-family: Calibri, sans-serif; caret-color: rgb(0, 0, 0); color: rgb(0, 0, 0);"><b><span style="font-size: 11pt;">P. Mario Alberto Escalante López sdb<o:p></o:p></span></b></p><p class="MsoNormal" style="margin: 0cm; font-size: medium; font-family: Calibri, sans-serif; caret-color: rgb(0, 0, 0); color: rgb(0, 0, 0);"><span style="font-size: 11pt;">Director General Colegios Salesianos de Guadalajara<o:p></o:p></span></p>







<h2>Mensaje de la Directora</h2>
<p class="MsoNormal" style="margin: 0cm; font-size: medium; font-family: Calibri, sans-serif; caret-color: rgb(0, 0, 0); color: rgb(0, 0, 0);"><span style="font-size: 11pt;">Agradecida con Dios por la oportunidad de servir a través de la función de Dirección, les saludo con gusto al inicio de este ciclo escolar 2026-2027.<o:p></o:p></span></p><p class="MsoNormal" style="margin: 0cm; font-size: medium; font-family: Calibri, sans-serif; caret-color: rgb(0, 0, 0); color: rgb(0, 0, 0);"><span style="font-size: 11pt;">Con el deseo que sus hijos e hijas tengan la experiencia educativa que concibió San Juan Bosco y que el día de hoy sigue viva, actual y significativa para muchos jóvenes en el mundo a través del Modelo Educativo que nos dejó como herencia.<o:p></o:p></span></p><p class="MsoNormal" style="margin: 0cm; font-size: medium; font-family: Calibri, sans-serif; caret-color: rgb(0, 0, 0); color: rgb(0, 0, 0);"><span style="font-size: 11pt;">Sean bienvenidos a este nuevo ciclo en donde, desde la caridad pastoral, fomentaremos nuevos procesos y caminos para ayudar a nuestros NNAJ a descubrir en quién pueden convertirse, mediante la pedagogía del encuentro.<o:p></o:p></span></p><p class="MsoNormal" style="margin: 0cm; font-size: medium; font-family: Calibri, sans-serif; caret-color: rgb(0, 0, 0); color: rgb(0, 0, 0);"><span style="font-size: 11pt;">Esto solo es posible con una red de apoyo de adultos auténticos y una institución en la que se puede confiar, como lo es el Anáhuac Garibaldi.<o:p></o:p></span></p><p class="MsoNormal" style="margin: 0cm; font-size: medium; font-family: Calibri, sans-serif; caret-color: rgb(0, 0, 0); color: rgb(0, 0, 0);"><span style="font-size: 11pt;"><o:p>&nbsp;</o:p></span></p><p class="MsoNormal" style="margin: 0cm; font-size: medium; font-family: Calibri, sans-serif; caret-color: rgb(0, 0, 0); color: rgb(0, 0, 0);"><span style="font-size: 11pt;">Afectuosamente,&nbsp;<o:p></o:p></span></p><p class="MsoNormal" style="margin: 0cm; font-size: medium; font-family: Calibri, sans-serif; caret-color: rgb(0, 0, 0); color: rgb(0, 0, 0);"><b><span style="font-size: 11pt;">Rosa María Quiroz Parra<o:p></o:p></span></b></p><p class="MsoNormal" style="margin: 0cm; font-size: medium; font-family: Calibri, sans-serif; caret-color: rgb(0, 0, 0); color: rgb(0, 0, 0);"><span style="font-size: 11pt;">Directora<o:p></o:p></span></p>




<h2>Inscríbete</h2>







<p>B<span style="caret-color: rgb(100, 106, 124); color: rgb(100, 106, 124); font-family: Lato, sans-serif;">rindamos espacios creativos de aprendizaje, en los que nuestros alumnos desarrollen habilidades, adquieran conocimientos sólidos, hábitos de trabajo individual y en equipo, consoliden y aprecien los valores formativos y normas de convivencia.</span><br></p>












<p><span style="caret-color: rgb(100, 106, 124); color: rgb(100, 106, 124); font-family: Lato, sans-serif;">Acompañamos los procesos de fortalecimiento de la identidad, sexualidad y valores propios de la adolescencia, por medio de una cercanía confiable que ayude a generar amistad y un sentido de la vivencia espiritual.</span><br></p>














<p><span style="caret-color: rgb(100, 106, 124); color: rgb(100, 106, 124); font-family: Lato, sans-serif;">Buscamos que los alumnos desarrollen las competencias que les permitan integrarse a la vida universitaria y de su comunidad como agentes de transformación.</span><br></p>











<h2>Oferta Académica</h2>
<p>El alumno formado bajo el Modelo Educativo Salesiano se reconoce partícipe de una espiritualidad nacida con y para los jóvenes, y se caracteriza porque al ser formado en nuestra institución será una persona:&nbsp;<br></p>

Espiritual
Autónoma
Responsable
Creativa
Colaborativa
Comunicativa
Resiliente
Crítica
Emprendedora
Íntegra
Libre





<p>Reafirmar los hábitos y abrirse al conocimiento</p>
<p>Dar solidez a los aprendizajes y ofrecer elementos para la universidad.<br></p>


<p>Solidez en la diversidad de materias, que invitan a la exploración.&nbsp;<br></p>







<p>Educación Integral</p>

<p>Acompañamos el crecimiento integral de nuestros alumnos</p>


<p>Conoce el trabajo del Departamento Psicopedagógico</p>
<p>Implementación del Programa de Inglés en nuestro colegio</p>
<p>Oferta de actividades extraescolares</p>
<p>Un movimiento de jóvenes para jóvenes, que participan en diversas asociaciones</p>










<h3>Plataforma</h3>
<p>Esemtia es nuestra plataforma online que concentra la gestión de las diferentes áreas administrativas y académicas de nuestra institución. Nos ofrece un entorno virtual para el seguimiento académico y disciplinario, así como para el acompañamiento de alumnos y profesores.&nbsp;<br></p>





<h2>Servicios</h2>



<p>Lineamientos del Seguro Escolar para su aplicación y los pasos que habrá que seguir.&nbsp;<br></p>


<p>Conoce las actividades que se realizarán durante el mes visitando el calendario.&nbsp;<br></p>


<p>Ubicación del colegio y los campos deportivos<br></p>


<p>Procedimiento para el pago de las colegiaturas y la manera para solicitar la facturación.&nbsp;<br></p>


<p>Líneas básicas para crecer en la cultura vial y participar en la patrulla escolar.&nbsp;<br></p>


<p>Esemtia es nuestra plataforma, de apoyo académico, psicopedagógico y administrativo.&nbsp;<br></p>











<h1>«La educación es cosa del corazón»</h1>
Don Bosco




<h2>Documentos</h2>
<p style="text-align: center; ">Descarga los documentos en PDF</p>


<p><span lang="ES" style="text-align: start; font-size: 11pt; font-family: Calibri, sans-serif; color: black;">El PEPSAL 2025-2031 establece los objetivos de cada una de las dimensiones (educación en la fe, educativo cultural, experiencia asociativa y vocacional), sus estrategias e intervenciones.</span><span style="caret-color: rgb(0, 0, 0); color: rgb(0, 0, 0); font-family: -webkit-standard; font-size: medium; text-align: start;"></span><br></p>
<p><span lang="ES" style="text-align: start; font-size: 11pt; font-family: Calibri, sans-serif; color: black;">La Red de Escuelas Salesianas de México presenta el Modelo Educativo Salesiano, con la inspiración carismática de San Juan Bosco.</span></p>


<p><span lang="ES" style="text-align: start; font-size: 11pt; font-family: Calibri, sans-serif; color: black;">El reglamento tiene como finalidad construir el bien común, a través de valores, principios y normas que nos ayuden a cuidar el ambiente de familia.</span><span style="caret-color: rgb(0, 0, 0); color: rgb(0, 0, 0); font-family: -webkit-standard; font-size: medium; text-align: start;"></span><br></p>
<p><span lang="ES" style="text-align: start; font-size: 11pt; font-family: Calibri, sans-serif; color: black;">La Comisión Inspectorial de Colegios presenta las normas que regulan el funcionamiento y garantiza la participación de la CEP.</span><br></p>


<p style="text-align: center;"><span lang="ES" style="text-align: start; font-size: 11pt; font-family: Calibri, sans-serif; color: black;">Términos y condiciones del manejo de los datos personales, que se dan a conocer a través del Aviso de Privacidad.</span></p>
<p><span lang="ES" style="text-align: start; font-size: 11pt; font-family: Calibri, sans-serif; color: black;">El documento contiene los derechos y obligaciones de los educandos, padres de familia y del personal educativo.</span><br></p>
